e remainder when 120430 is divided by 12.
10
Calculate the remainder when 37321 is divided by 26.
11
Calculate the remainder when 3979 is divided by 78.
1
What is the remainder when 13985 is divided by 83?
41
Calculate the remainder when 19364 is divided by 3222.
32
Calculate the remainder when 587214 is divided by 13.
4
Calculate the remainder when 28249 is divided by 1560.
169
Calculate the remainder when 7748 is divided by 2578.
14
Calculate the remainder when 8772 is divided by 555.
447
What is the remainder when 20525 is divided by 642?
623
Calculate the remainder when 13543 is divided by 41.
13
What is the remainder when 381 is divided by 103?
72
Calculate the remainder when 8717 is divided by 1665.
392
What is the remainder when 10647 is divided by 103?
38
What is the remainder when 91431 is divided by 30?
21
Calculate the remainder when 1934 is divided by 1879.
55
What is the remainder when 4583 is divided by 326?
19
Calculate the remainder when 52423 is divided by 7486.
21
Calculate the remainder when 595716 is divided by 119137.
31
What is the remainder when 50027 is divided by 1063?
66
What is the remainder when 6118 is divided by 2885?
348
Calculate the remainder when 47786 is divided by 405.
401
Calculate the remainder when 356288 is divided by 12.
8
Calculate the remainder when 11219 is divided by 153.
50
Calculate the remainder when 1305 is divided by 127.
35
What is the remainder when 149450 is divided by 49814?
8
What is the remainder when 84973 is divided by 332?
313
What is the remainder when 6539 is divided by 243?
221
Calculate the remainder when 82069 is divided by 324.
97
What is the remainder when 2986 is divided by 379?
333
What is the remainder when 86984 is divided by 61?
59
Calculate the remainder when 129412 is divided by 2588.
12
What is the remainder when 78029 is divided by 144?
125
Calculate the remainder when 110345 is divided by 7.
4
What is the remainder when 1337327 is divided by 18?
17
Calculate the remainder when 4103 is divided by 3406.
697
Calculate the remainder when 2093 is divided by 76.
41
What is the remainder when 18625 is divided by 18?
13
Calculate the remainder when 8556 is divided by 966.
828
What is the remainder when 4247 is divided by 1411?
14
What is the remainder when 11700 is divided by 3489?
1233
What is the remainder when 2057 is divided by 869?
319
What is the remainder when 6530 is divided by 346?
302
Calculate the remainder when 847858 is divided by 3.
1
Calculate the remainder when 6620 is divided by 275.
20
Calculate the remainder when 211235 is divided by 87.
86
Calculate the remainder when 1625 is divided by 229.
22
Calculate the remainder when 3096 is divided by 156.
132
Calculate the remainder when 388 is divided by 304.
84
What is the remainder when 1564 is divided by 1556?
8
Calculate the remainder when 1891 is divided by 47.
11
What is the remainder when 4194 is divided by 319?
47
Calculate the remainder when 37544 is divided by 15.
14
Calculate the remainder when 1573 is divided by 336.
229
What is the remainder when 348 is divided by 95?
63
What is the remainder when 147245 is divided by 23?
22
What is the remainder when 3223348 is divided by 150?
148
What is the remainder when 26376 is divided by 628?
0
What is the remainder when 19402 is divided by 1615?
22
What is the remainder when 46238 is divided by 46205?
33
Calculate the remainder when 684 is divided by 189.
117
What is the remainder when 276756 is divided by 71?
69
Calculate the remainder when 17195 is divided by 716.
11
Calculate the remainder when 4064 is divided by 60.
44
Calculate the remainder when 15289 is divided by 1513.
159
What is the remainder when 781 is divided by 93?
37
Calculate the remainder when 30851 is divided by 523.
517
Calculate the remainder when 3508 is divided by 158.
32
Calculate the remainder when 2978 is divided by 86.
54
What is the remainder when 2170 is divided by 28?
14
What is the remainder when 17235 is divided by 8611?
13
What is the remainder when 2800 is divided by 54?
46
What is the remainder when 88784 is divided by 88763?
21
What is the remainder when 30878 is divided by 193?
191
Calculate the remainder when 60649 is divided by 60602.
47
Calculate the remainder when 33539 is divided by 808.
411
Calculate the remainder when 257047 is divided by 85681.
4
What is the remainder when 2674 is divided by 56?
42
Calculate the remainder when 8965 is divided by 48.
37
Calculate the remainder when 256213 is divided by 120.
13
Calculate the remainder when 3208363 is divided by 6.
1
What is the remainder when 36073 is divided by 8?
1
What is the remainder when 3387 is divided by 50?
37
What is the remainder when 74284 is divided by 37121?
42
Calculate the remainder when 38997 is divided by 156.
153
Calculate the remainder when 4236 is divided by 1244.
504
What is the remainder when 125396 is divided by 7376?
4
Calculate the remainder when 1037 is divided by 84.
29
What is the remainder when 55750 is divided by 55743?
7
Calculate the remainder when 17680 is divided by 2209.
8
Calculate the remainder when 5741 is divided by 55.
21
Calculate the remainder when 18641 is divided by 9316.
9
Calculate the remainder when 32901 is divided by 207.
195
What is the remainder when 230291 is divided by 70?
61
Calculate the remainder when 37556 is divided by 367.
122
What is the remainder when 806 is divided by 787?
19
What is the remainder when 5025 is divided by 14?
13
Calculate the remainder when 1619 is divided by 1175.
444
Calculate the remainder when 1778401 is divided by 1425.
1
What is the remainder when 1391 is divided by 202?
179
What is the remainder when 945306 is divided by 19?
18
What is the remainder when 130272 is divided by 6856?
8
What is the remainder when 129756 is divided by 15?
6
What is the remainder when 10103 is divided by 30?
23
Calculate the remainder when 30796 is divided by 55.
51
What is the remainder when 2810 is divided by 314?
298
Calculate the remainder when 9638 is divided by 963.
8
Calculate the remainder when 193207 is divided by 64349.
160
What is the remainder when 87313 is divided by 332?
329
What is the remainder when 117512 is divided by 382?
238
Calculate the remainder when 95484 is divided by 373.
369
Calculate the remainder when 293339 is divided by 712.
707
Calculate the remainder when 3963 is divided by 86.
7
Calculate the remainder when 78747 is divided by 15.
12
What is the remainder when 64316 is divided by 383?
355
What is the remainder when 299216 is divided by 28?
8
Calculate the remainder when 6268371 is divided by 882.
879
Calculate the remainder when 7190 is divided by 140.
50
What is the remainder when 18385 is divided by 346?
47
Calculate the remainder when 541199 is divided by 39.
35
Calculate the remainder when 32832 is divided by 2732.
48
Calculate the remainder when 138288 is divided by 10.
8
What is the remainder when 472 is divided by 192?
88
Calculate the remainder when 839 is divided by 65.
59
What is the remainder when 2888 is divided by 182?
158
What is the remainder when 16412 is divided by 721?
550
Calculate the remainder when 51227 is divided by 16886.
569
What is the remainder when 6478 is divided by 180?
178
Calculate the remainder when 85583 is divided by 492.
467
Calculate the remainder when 5318 is divided by 222.
212
What is the remainder when 19478 is divided by 4866?
14
What is the remainder when 21945 is divided by 4387?
10
What is the remainder when 11567 is divided by 51?
41
Calculate the remainder when 1108 is divided by 292.
232
What is the remainder when 873 is divided by 242?
147
What is the remainder when 723922 is divided by 17?
11
Calculate the remainder when 10529 is divided by 33.
2
Calculate the remainder when 12311 is divided by 4100.
11
Calculate the remainder when 1839 is divided by 343.
124
Calculate the remainder when 44615 is divided by 7.
4
Calculate the remainder when 2176 is divided by 1205.
971
What is the remainder when 15242 is divided by 391?
384
What is the remainder when 751088 is divided by 57?
56
Calculate the remainder when 4053 is divided by 1319.
96
Calculate the remainder when 30878 is divided by 2167.
540
Calculate the remainder when 6428 is divided by 6338.
90
Calculate the remainder